{"id":11,"date":"2019-07-24T14:37:44","date_gmt":"2019-07-24T14:37:44","guid":{"rendered":"http:\/\/marioschkah.de\/?page_id=11"},"modified":"2023-11-07T16:28:47","modified_gmt":"2023-11-07T16:28:47","slug":"vmuu","status":"publish","type":"page","link":"http:\/\/marioschkah.de\/?page_id=11","title":{"rendered":"Von Magie und Unsterblichkeit"},"content":{"rendered":"\n<hr class=\"wp-block-separator has-alpha-channel-opacity is-style-wide\"\/>\n\n\n\n<p><em>Begleitet Susan auf einem dramatischen Urban Fantasy Abenteuer durch Raum und Zeit, um Mythen und Legenden der Menschheitsgeschichte.<\/em><\/p>\n\n\n\n<figure class=\"wp-block-image size-full\"><img decoding=\"async\" src=\"http:\/\/marioschkah.de\/wp-content\/uploads\/2023\/02\/VMUU3-Banner.tiff\" alt=\"\" class=\"wp-image-317\"\/><\/figure>\n\n\n\n<p>&#8222;Die W\u00e4chter von Andalon&#8220; ist der Auftakt in das Fantasy-Epos &#8222;Von Magie und Unsterblichkeit&#8220; um die f\u00fcnf Fragmente des Elfenkristalls.<\/p>\n\n\n\n<p>Ende 2020 erschien neben einer \u00fcberarbeiteten Neuauflage von Band 1 auch der brandneue zweite Band der Reihe  mit dem Titel &#8222;Der Gebieter von Ka&#8217;ara&#8220;.<\/p>\n\n\n\n<p>Band 3 <em>&#8222;Die B\u00fcrde von Medina&#8220;<\/em> wurde im Oktober 2023 ebenfalls als Ebook und Taschenbuch ver\u00f6ffentlicht.<\/p>\n\n\n\n<p>Kauft ihr meine B\u00fccher \u00fcber den Autorenwelt-Shop unterst\u00fctzt ihr mich durch die Auszahlung einer h\u00f6heren Provision.<\/p>\n\n\n\n<p>Download:<br><a rel=\"noreferrer noopener\" href=\"http:\/\/marioschkah.de\/wp-content\/uploads\/2020\/10\/VMUU1-Leseprobe.pdf\" target=\"_blank\">Leseprobe zu VMUU1 (pdf)<\/a> &#8211; <a rel=\"noreferrer noopener\" href=\"http:\/\/marioschkah.de\/wp-content\/uploads\/2020\/10\/VMUU2-Leseprobe.pdf\" target=\"_blank\">Leseprobe zu VMUU2 (pdf)<\/a><\/p>\n\n\n\n<p>Kaufen:<br><a rel=\"noreferrer noopener\" href=\"https:\/\/shop.autorenwelt.de\/search?q=&amp;p=0&amp;fR%5Bnamed_tags.onix_contrib%5D%5B0%5D=Mario%20Schenk&amp;type=product&amp;is_v=1\" target=\"_blank\">Autorenwelt<\/a> &#8211; <a rel=\"noreferrer noopener\" href=\"https:\/\/www.ebook.de\/de\/product\/39816106\/mario_schenk_die_waechter_von_andalon.html?searchId=1921671390\" target=\"_blank\">ebook.de<\/a> &#8211; <a rel=\"noreferrer noopener\" href=\"https:\/\/www.amazon.de\/gp\/product\/B08NJVF52Y\/ref=dbs_a_def_rwt_hsch_vapi_tkin_p1_i1\" target=\"_blank\">Amazon<\/a> &#8211; <a rel=\"noreferrer noopener\" href=\"https:\/\/www.buecher.de\/ni\/search\/quick_search\/q\/cXVlcnk9TWFyaW8rU2NoZW5rJmZpZWxkPXBlcnNvbmVu\/\" target=\"_blank\">B\u00fccher.de<\/a> &#8211; <a rel=\"noreferrer noopener\" href=\"https:\/\/www.thalia.de\/shop\/home\/mehr-von-suche\/ANY\/sp\/mario_schenk.html?mehrVon=Mario%20Schenk\" target=\"_blank\">Thalia<\/a> &#8211; <a rel=\"noreferrer noopener\" href=\"https:\/\/www.hugendubel.de\/de\/buch_kartoniert\/mario_schenk-die_waechter_von_andalon-39887013-produkt-details.html?searchId=1556841990\" target=\"_blank\">Hugendubel<\/a> &#8211; <a rel=\"noreferrer noopener\" href=\"https:\/\/www.weltbild.de\/suche\/Mario%20Schenk\" target=\"_blank\">Weltbild<\/a> &#8211; <a rel=\"noreferrer noopener\" href=\"https:\/\/www.pustet.de\/shop\/article\/43972237\/mario_schenk_die_waechter_von_andalon.html\" target=\"_blank\">Pustet<\/a><\/p>\n\n\n\n<p>Wollt ihr direkt ein signiertes und euch pers\u00f6nlich gewidmetes Exemplar von mir erwerben, dann schaut gerne in meinem Shop vorbei: <a href=\"https:\/\/mario-schenk-autor.sumupstore.com\" target=\"_blank\" rel=\"noreferrer noopener\">Marioschkah Shop<\/a><\/p>\n\n\n\n<p>Anforderung eines Rezensionsexemplars via <a rel=\"noreferrer noopener\" href=\"http:\/\/netgal.ly\/gY8WlV\" target=\"_blank\">netgalley.de<\/a><\/p>\n\n\n\n<figure class=\"wp-block-image size-large is-style-default\"><a href=\"https:\/\/shop.autorenwelt.de\/products\/die-wachter-von-andalon-von-mario-schenk?utm_medium=email&amp;utm_campaign=website&amp;utm_source=sendgrid.com\" target=\"_blank\" rel=\"noopener\"><img loading=\"lazy\" decoding=\"async\" width=\"1024\" height=\"945\" src=\"http:\/\/marioschkah.de\/wp-content\/uploads\/2020\/12\/Bildschirmfoto-2020-12-09-um-18.29.37-1024x945.png\" alt=\"\" class=\"wp-image-255\" srcset=\"http:\/\/marioschkah.de\/wp-content\/uploads\/2020\/12\/Bildschirmfoto-2020-12-09-um-18.29.37-1024x945.png 1024w, http:\/\/marioschkah.de\/wp-content\/uploads\/2020\/12\/Bildschirmfoto-2020-12-09-um-18.29.37-300x277.png 300w, http:\/\/marioschkah.de\/wp-content\/uploads\/2020\/12\/Bildschirmfoto-2020-12-09-um-18.29.37-768x708.png 768w, http:\/\/marioschkah.de\/wp-content\/uploads\/2020\/12\/Bildschirmfoto-2020-12-09-um-18.29.37-1536x1417.png 1536w, http:\/\/marioschkah.de\/wp-content\/uploads\/2020\/12\/Bildschirmfoto-2020-12-09-um-18.29.37-2048x1889.png 2048w\" sizes=\"(max-width: 1024px) 100vw, 1024px\" \/><\/a><\/figure>\n\n\n\n<figure class=\"wp-block-image size-large\"><a href=\"https:\/\/shop.autorenwelt.de\/products\/der-gebieter-von-kaara-von-mario-schenk?variant=32941902626909\" target=\"_blank\" rel=\"noopener\"><img loading=\"lazy\" decoding=\"async\" width=\"1024\" height=\"931\" src=\"http:\/\/marioschkah.de\/wp-content\/uploads\/2020\/12\/Bildschirmfoto-2020-12-09-um-18.38.55-1024x931.png\" alt=\"\" class=\"wp-image-257\" srcset=\"http:\/\/marioschkah.de\/wp-content\/uploads\/2020\/12\/Bildschirmfoto-2020-12-09-um-18.38.55-1024x931.png 1024w, http:\/\/marioschkah.de\/wp-content\/uploads\/2020\/12\/Bildschirmfoto-2020-12-09-um-18.38.55-300x273.png 300w, http:\/\/marioschkah.de\/wp-content\/uploads\/2020\/12\/Bildschirmfoto-2020-12-09-um-18.38.55-768x699.png 768w, http:\/\/marioschkah.de\/wp-content\/uploads\/2020\/12\/Bildschirmfoto-2020-12-09-um-18.38.55-1536x1397.png 1536w, http:\/\/marioschkah.de\/wp-content\/uploads\/2020\/12\/Bildschirmfoto-2020-12-09-um-18.38.55-2048x1863.png 2048w\" sizes=\"(max-width: 1024px) 100vw, 1024px\" \/><\/a><\/figure>\n","protected":false},"excerpt":{"rendered":"<p>Begleitet Susan auf einem dramatischen Urban Fantasy Abenteuer durch Raum und Zeit, um Mythen und Legenden der Menschheitsgeschichte. &#8222;Die W\u00e4chter von Andalon&#8220; ist der Auftakt in das Fantasy-Epos &#8222;Von Magie und Unsterblichkeit&#8220; um die f\u00fcnf Fragmente des Elfenkristalls. Ende 2020 erschien neben einer \u00fcberarbeiteten Neuauflage von Band 1 auch der brandneue zweite Band der Reihe <a class=\"more-link\" href=\"http:\/\/marioschkah.de\/?page_id=11\">Weiterlesen\u00a0\u2026<\/a><\/p>\n","protected":false},"author":1,"featured_media":0,"parent":0,"menu_order":0,"comment_status":"closed","ping_status":"closed","template":"","meta":{"jetpack_post_was_ever_published":false,"footnotes":""},"jetpack_sharing_enabled":true,"post_mailing_queue_ids":[],"_links":{"self":[{"href":"http:\/\/marioschkah.de\/index.php?rest_route=\/wp\/v2\/pages\/11"}],"collection":[{"href":"http:\/\/marioschkah.de\/index.php?rest_route=\/wp\/v2\/pages"}],"about":[{"href":"http:\/\/marioschkah.de\/index.php?rest_route=\/wp\/v2\/types\/page"}],"author":[{"embeddable":true,"href":"http:\/\/marioschkah.de\/index.php?rest_route=\/wp\/v2\/users\/1"}],"replies":[{"embeddable":true,"href":"http:\/\/marioschkah.de\/index.php?rest_route=%2Fwp%2Fv2%2Fcomments&post=11"}],"version-history":[{"count":29,"href":"http:\/\/marioschkah.de\/index.php?rest_route=\/wp\/v2\/pages\/11\/revisions"}],"predecessor-version":[{"id":355,"href":"http:\/\/marioschkah.de\/index.php?rest_route=\/wp\/v2\/pages\/11\/revisions\/355"}],"wp:attachment":[{"href":"http:\/\/marioschkah.de\/index.php?rest_route=%2Fwp%2Fv2%2Fmedia&parent=11"}],"curies":[{"name":"wp","href":"https:\/\/api.w.org\/{rel}","templated":true}]}}